 when 556 is divided by 51?
46
What is the remainder when 63 is divided by 28?
7
What is the remainder when 186 is divided by 64?
58
Calculate the remainder when 225 is divided by 74.
3
Calculate the remainder when 150 is divided by 66.
18
What is the remainder when 40479 is divided by 88?
87
What is the remainder when 3507 is divided by 76?
11
Calculate the remainder when 1121 is divided by 88.
65
Calculate the remainder when 230 is divided by 226.
4
Calculate the remainder when 1358 is divided by 124.
118
Calculate the remainder when 201 is divided by 81.
39
What is the remainder when 20 is divided by 7?
6
Calculate the remainder when 2343 is divided by 102.
99
Calculate the remainder when 2356 is divided by 54.
34
Calculate the remainder when 88 is divided by 14.
4
Calculate the remainder when 99 is divided by 55.
44
Calculate the remainder when 509 is divided by 32.
29
Calculate the remainder when 115 is divided by 54.
7
What is the remainder when 1284 is divided by 378?
150
What is the remainder when 643 is divided by 12?
7
Calculate the remainder when 4479 is divided by 7.
6
Calculate the remainder when 129 is divided by 3.
0
Calculate the remainder when 2950 is divided by 18.
16
What is the remainder when 42 is divided by 22?
20
What is the remainder when 180 is divided by 27?
18
Calculate the remainder when 664 is divided by 209.
37
What is the remainder when 973 is divided by 30?
13
Calculate the remainder when 32 is divided by 29.
3
What is the remainder when 2926 is divided by 1459?
8
What is the remainder when 265 is divided by 7?
6
Calculate the remainder when 9240 is divided by 272.
264
What is the remainder when 110 is divided by 12?
2
Calculate the remainder when 159 is divided by 8.
7
What is the remainder when 155 is divided by 60?
35
What is the remainder when 133 is divided by 23?
18
What is the remainder when 63 is divided by 33?
30
Calculate the remainder when 591 is divided by 54.
51
Calculate the remainder when 187 is divided by 84.
19
Calculate the remainder when 699 is divided by 67.
29
What is the remainder when 231 is divided by 115?
1
Calculate the remainder when 4338 is divided by 28.
26
What is the remainder when 259 is divided by 66?
61
Calculate the remainder when 74 is divided by 14.
4
Calculate the remainder when 6050 is divided by 178.
176
Calculate the remainder when 155 is divided by 126.
29
What is the remainder when 328 is divided by 48?
40
What is the remainder when 1278 is divided by 64?
62
Calculate the remainder when 175 is divided by 27.
13
Calculate the remainder when 500 is divided by 56.
52
Calculate the remainder when 42 is divided by 23.
19
Calculate the remainder when 19051 is divided by 22.
21
What is the remainder when 133 is divided by 81?
52
What is the remainder when 278 is divided by 31?
30
Calculate the remainder when 11172 is divided by 15.
12
Calculate the remainder when 16433 is divided by 173.
171
What is the remainder when 347 is divided by 12?
11
What is the remainder when 172 is divided by 46?
34
Calculate the remainder when 17 is divided by 16.
1
What is the remainder when 3046 is divided by 761?
2
What is the remainder when 1290 is divided by 266?
226
Calculate the remainder when 271 is divided by 23.
18
Calculate the remainder when 1573 is divided by 79.
72
Calculate the remainder when 97 is divided by 53.
44
Calculate the remainder when 106 is divided by 32.
10
Calculate the remainder when 8290 is divided by 11.
7
Calculate the remainder when 994 is divided by 308.
70
What is the remainder when 8878 is divided by 189?
184
What is the remainder when 565 is divided by 21?
19
What is the remainder when 264 is divided by 86?
6
Calculate the remainder when 284 is divided by 91.
11
Calculate the remainder when 716 is divided by 175.
16
What is the remainder when 24 is divided by 15?
9
What is the remainder when 17737 is divided by 20?
17
Calculate the remainder when 1157 is divided by 82.
9
Calculate the remainder when 379 is divided by 137.
105
What is the remainder when 598 is divided by 32?
22
Calculate the remainder when 1635 is divided by 23.
2
Calculate the remainder when 2658 is divided by 2656.
2
What is the remainder when 380 is divided by 39?
29
Calculate the remainder when 838 is divided by 21.
19
What is the remainder when 138 is divided by 7?
5
What is the remainder when 5372 is divided by 84?
80
What is the remainder when 307 is divided by 86?
49
Calculate the remainder when 164 is divided by 35.
24
What is the remainder when 107 is divided by 20?
7
Calculate the remainder when 5371 is divided by 112.
107
What is the remainder when 2414 is divided by 42?
20
Calculate the remainder when 427 is divided by 11.
9
What is the remainder when 309 is divided by 8?
5
What is the remainder when 241 is divided by 50?
41
Calculate the remainder when 425 is divided by 412.
13
What is the remainder when 153 is divided by 60?
33
What is the remainder when 3288 is divided by 94?
92
Calculate the remainder when 1802 is divided by 113.
107
What is the remainder when 1228 is divided by 82?
80
What is the remainder when 429 is divided by 87?
81
Calculate the remainder when 380 is divided by 127.
126
What is the remainder when 651 is divided by 81?
3
What is the remainder when 1545 is divided by 28?
5
Calculate the remainder when 2220 is divided by 11.
9
Calculate the remainder when 263 is divided by 40.
23
What is the remainder when 94 is divided by 73?
21
Calculate the remainder when 301 is divided by 47.
19
Calculate the remainder when 77 is divided by 17.
9
What is the remainder when 869 is divided by 864?
5
What is the remainder when 154 is divided by 3?
1
Calculate the remainder when 224 is divided by 102.
20
What is the remainder when 1452 is divided by 47?
42
Calculate the remainder when 869 is divided by 73.
66
Calculate the remainder when 338 is divided by 44.
30
Calculate the remainder when 109 is divided by 52.
5
Calculate the remainder when 7836 is divided by 117.
114
What is the remainder when 734 is divided by 41?
37
What is the remainder when 33 is divided by 23?
10
What is the remainder when 981 is divided by 41?
38
What is the remainder when 43 is divided by 15?
13
What is the remainder when 440 is divided by 49?
48
Calculate the remainder when 125 is divided by 40.
5
Calculate the remainder when 5433 is divided by 12.
9
What is the remainder when 190 is divided by 57?
19
Calculate the remainder when 2364 is divided by 238.
222
What is the remainder when 100 is divided by 18?
10
What is the remainder when 35 is divided by 25?
10
Calculate the remainder when 7023 is divided by 1170.
3
What is the remainder when 867 is divided by 837?
30
What is the remainder when 4652 is divided by 47?
46
Calculate the remainder when 206 is divided by 13.
11
Calculate the remainder when 48 is divided by 27.
21
What is the remainder when 1110 is divided by 21?
18
Calculate the remainder when 175 is divided by 74.
27
Calculate the remainder when 846 is divided by 37.
32
What is the remainder when 2632 is divided by 80?
72
What is the remainder when 823 is divided by 424?
399
What is the remainder when 275 is divided by 140?
135
What is the remainder when 10709 is divided by 3565?
14
Calculate the remainder when 24 is divided by 8.
0
Calculate the remainder when 1338 is divided by 20.
18
What is the remainder when 15619 is divided by 146?
143
What is the remainder when 1471 is divided by 67?
64
What is the remainder when 247 is divided by 50?
47
What is the remainder when 541 is divided by 123?
49
Calculate the remainder when 336 is divided by 300.
36
Calculate the remainder when 5122 is divided by 25.
22
Calculate the remainder when 261 is divided by 8.
5
What is the remainder when 310 is divided by 149?
12
Calculate the remainder when 480 is divided by 105.
60
What is the remainder when 509 is divided by 119?
33
Calculate the remainder when 769 is divided by 99.
76
What is the remainder when 184 is divided by 99?
85
What is the remainder when 636 is divided by 7?
6
Calculate the remainder when 10007 is divided by 12.
11
Calculate the remainder when 525 is divided by 24.
21
What is the remainder when 197 is divided by 40?
37
Calculate the remainder when 122 is divided by 61.
0
Calculat